= -7099914. What is the tens digit of a?
9
What is the hundreds digit of (-2)/(-2*10/(-30))*-1233?
6
Let y(q) = 83*q**2 + 337*q + 6468. What is the thousands digit of y(-21)?
5
Let d be 518 - (6 - 0 - 9). Suppose 739 + d = 5*z. What is the hundreds digit of z?
2
Let k(p) be the second derivative of p**5/10 - 7*p**4/2 + 22*p**3/3 - 3*p**2 + 12*p. What is the tens digit of k(20)?
7
Let a(k) = k**2 + 12*k + 10. Let b be a(8). Suppose b = m - 81. Suppose 6*o - 2*o = -r + m, o = -r + 62. What is the tens digit of o?
6
Suppose 3*l = -t + 16591, -4*l + 2958 + 19163 = t. What is the units digit of l?
0
Suppose -99256 = -13*x - 10375. What is the units digit of x?
7
Let m(k) = 1149*k**3 + 2*k**2 + 27*k - 38. What is the units digit of m(3)?
4
Suppose 0 = -5*o + 4*r + 54293, 6*o - 5*r - 38663 = 26489. What is the hundreds digit of o?
8
Let f = -443 + 454. Let i(s) = 4*s**2 + s - 63. What is the hundreds digit of i(f)?
4
Let o = -119 - -86. Let a = -30 - o. Suppose 2*j = -2*i + 364, j - 684 = -a*i - 146. What is the hundreds digit of i?
1
Let i(n) = n**2 - 15*n - 1. Let f be i(0). What is the tens digit of (f*(-6)/5)/(150/11625)?
9
Let i(x) = -9*x**2 + 427*x - 92. What is the units digit of i(37)?
6
Let r(i) = i**2 + 11*i + 15. Let f be r(-2). What is the hundreds digit of (0 + -1)/((15/580)/f)?
1
Let h = 2351 - 1384. Let m be (4 + -3)*(h + -2). Suppose 7*g = m - 125. What is the units digit of g?
0
Let j be (6/10)/(3/15). Let i be 72/42 - (-36)/126. Suppose i*h = -j*h + 3*t + 730, -h + t + 144 = 0. What is the hundreds digit of h?
1
Let w(p) = p**2 - 1688*p + 12007. What is the units digit of w(0)?
7
Let d(k) = -k - 4. Let z be d(-6). Suppose -31 = -z*w - 1. What is the units digit of w?
5
Let y(x) = 148*x**2 - 66*x + 329. What is the hundreds digit of y(7)?
1
Let a(r) = 5*r**2 - 73*r + 21*r + 1 + 16*r + 5*r. What is the tens digit of a(-5)?
8
What is the tens digit of (-1 - (5 + -4))/(239924/(-47984) - -5)?
9
Let h be ((-949)/2 + 0)*-2. Suppose -h = -3*n + 1505. What is the hundreds digit of n?
8
Let z be (-18)/4*10/3. Let s = -13 - z. Suppose -124 = -2*t + 3*a + a, s*a - 4 = 0. What is the units digit of t?
6
Suppose -111*k + 163508 = -527689. What is the hundreds digit of k?
2
Suppose 437*r = 438*r - 30040 + 10231. What is the tens digit of r?
0
Suppose 72*s - 63*s - 41211 = 0. What is the units digit of s?
9
Let c(g) = g - 4. Let s be c(15). Suppose -10*z + s*z - 228 = 0. Suppose -4*u + z = -108. What is the tens digit of u?
8
Let b = -162 - -138. What is the tens digit of (-2826)/b + (-3)/(-12)?
1
What is the tens digit of 156/12*1 + 27653?
6
Suppose 3*h = 80 - 104, -4*y + 265004 = h. What is the ten thousands digit of y?
6
Let p = -8 + 8. Suppose p*x - 300 = -2*x. Let n = -100 + x. What is the tens digit of n?
5
Suppose -5*a - 3*c + 20876 = 0, 16*c - 12548 = -3*a + 17*c. What is the units digit of a?
0
Let h(k) = 82*k**2 + 3*k. Let p be h(-3). Let q = p - -377. What is the tens digit of q?
0
Let f be 0 - 1 - 28150/(-25). Suppose -5*y = 2*x - f, -2*y = -3*y + 5. What is the hundreds digit of x?
5
Let d be (-10 + -1)*-1*1. Suppose -2*b - 105 = -d. Let o = b - -116. What is the tens digit of o?
6
Let p(z) = -26*z + 908. What is the hundreds digit of p(-6)?
0
What is the thousands digit of (24 - 25) + (23445 - 7)?
3
Let r(n) = 614*n - 430. What is the units digit of r(5)?
0
Let w = 81641 - 40194. What is the hundreds digit of w?
4
Suppose -9*y + 333 = -0*y. Suppose y*z = 36*z + 118. What is the hundreds digit of z?
1
Let d be ((-15)/(-4))/(9/180). Let z = d + 318. Let j = -214 + z. What is the hundreds digit of j?
1
Let n = -1539 + 2462. Let b = n + -429. What is the hundreds digit of b?
4
Suppose 0*m = 7*m + 168. Let n = -2 - m. Suppose -18*g = -n*g + 444. What is the units digit of g?
1
Suppose -2*s - 18*v = -20*v, 4 = 4*s - 3*v. Let x(g) = -g**3 + 5*g**2 - 4*g + 9. What is the units digit of x(s)?
9
What is the hundreds digit of (523408/(-32))/(-1*1/2)?
7
Let y = 3 + -110. Suppose 168*d + 172*d + 2604 = 298*d. Let v = d - y. What is the units digit of v?
5
Suppose 0 = -4*r - 7 - 21. Let v(b) = -b**3 - 5*b**2 + 9*b - 7. Let k be v(r). Let d = 91 - k. What is the units digit of d?
3
Let f = -5176 - -28183. What is the tens digit of f?
0
Suppose -5*j + 54267 = 2*o, -4*o + 37*j = 36*j - 108545. What is the thousands digit of o?
7
Suppose -24500 = -4*f - 4*r, r - 7291 = 3*f - 25682. What is the units digit of f?
9
What is the hundreds digit of 22/(-462)*6 + 3397/7?
4
Let s = -355 - -752. What is the hundreds digit of (s*(-2 - -3))/(2/4)?
7
Let s = -136 - -155. Let b(d) = d**3 - 16*d**2 - 35*d + 45. What is the tens digit of b(s)?
6
Let x = 98108 + -66737. What is the ten thousands digit of x?
3
Suppose -486 = -132*n + 134*n. Let h = -137 - n. What is the hundreds digit of h?
1
Suppose 20944 = 2*r - 2*y, 252*r + y = 250*r + 20926. What is the ten thousands digit of r?
1
Let m = 42 + -127. Let f be ((-572)/(-208))/((-2)/112). Let o = m - f. What is the units digit of o?
9
Let w(y) = -9*y + 59. Let c be w(10). Let i = 33 + c. Suppose -5*b - 381 = -i*r, 4*b + 331 = -5*r + 1234. What is the hundreds digit of r?
1
Suppose -k - 33126 = -5*s + 42967, -60860 = -4*s - 4*k. What is the ten thousands digit of s?
1
What is the hundreds digit of (-87 - -100) + 4855 + 1?
8
Let j(g) be the first derivative of 3*g**4/8 - 23*g**3/6 + 7*g**2 + 28. Let h(y) be the second derivative of j(y). What is the tens digit of h(10)?
6
Let j be 4 - (-3 - -9 - 1) - -602. Suppose -5*b - 111 = -j. What is the units digit of b?
8
Suppose 5*h = -x + 10, x = -2*x + 2*h + 30. Suppose -150 = -5*r + 5*f, -x = 2*r + 2*f - 58. What is the tens digit of r?
2
Let d be (12/10)/((-30)/(-100)). Suppose -2*l = 5*m - 31, -3*m - 5 = -d*m. Suppose -219 = -l*o - 3*f, 2*o - 4*f - 94 = 46. What is the units digit of o?
2
Let k(d) = 2*d**2 - 15*d + 9. Let i be k(7). Suppose -620 = -5*q + i*q + 5*c, -5*q - 4*c + 1095 = 0. What is the tens digit of q?
1
Let a(k) = -695*k - 27. Let n be a(-2). Suppose -26163 = -32*m - n. What is the tens digit of m?
7
Suppose 0 = 32*x - 22*x - 40. Suppose 0 = x*n + 3*z - 1912, -3*n + 966 = -n + 4*z. What is the units digit of n?
5
Let j(t) = 45*t + 1 + 7*t + 34 + 22*t. What is the units digit of j(3)?
7
Suppose -8 = -8*a + 6*a. Suppose -9 = -j - a, -95 = 5*g + j. What is the units digit of (-9)/6*g/(-3)*-1?
0
Let y = 2510 - 2519. Let q(g) = 17*g + 3. Let r(k) = 33*k + 7. Let l(m) = 11*q(m) - 6*r(m). What is the tens digit of l(y)?
9
Suppose -5*n + 162 = i - 223, 2*i + 4*n - 770 = 0. Let f(z) = -z**3 - 4*z**2 - 3*z. Let x be f(-3). Suppose -5*j + i = -x*j. What is the units digit of j?
7
Let g(r) = -r**2 + 6*r + 3. Let f be g(4). Suppose -16*t - 685 = -f*t. Let u = -47 - t. What is the units digit of u?
0
Suppose -5*l - 2*d + 12 = -l, d - 11 = -3*l. Suppose 0 = -0*a - a + 2*i + 8, -l*a = 4*i + 2. Suppose 486 = a*u + 190. What is the units digit of u?
8
Suppose 619*i + 133650 = 652*i. What is the thousands digit of i?
4
Let k(h) = -h**3 - 2*h**2 + 3. Let l be k(-2). Suppose -l*c - 2*c + 30 = 0. Suppose -c*g + 4*g + 308 = 0. What is the tens digit of g?
5
Suppose w - 5*w + 31974 = 6*z, -2*w + z + 15991 = 0. What is the units digit of w?
5
What is the tens digit of 113740/14 - (-1 - (-27)/21)?
2
Suppose 0 = -13*u + 4*u + 8829. Let i be u/2 + 3/(-6). Suppose -4*v = -i - 230. What is the units digit of v?
0
Let y = 432 + -932. Let x = y - -773. Suppose -x + 868 = 7*z. What is the tens digit of z?
8
Suppose h - 6 = -7, h - 215 = -4*y. What is the hundreds digit of ((-1070)/(-6))/(9/y)?
0
Suppose 3*i = -147 + 39. What is the units digit of (i/(-6) + -14)/((-8)/340)?
0
Let z be (5/5 + -1)/(-1). What is the units digit of (-265)/(z - 30/36)?
8
Suppose -r - 5*x = -2685, 2595 = -3*r - 4*x + 10628. What is the tens digit of r?
7
Let v be (-9 - -18)/9*(5 - 1). Suppose -m + 0*x = 4*x - 417, m - v*x = 393. What is the tens digit of m?
0
Let v = 4057 - 638. What is the hundreds digit of v?
4
Let a = -58453 - -98951. What is the thousands digit of a?
0
Let m be (-60)/24*(-4)/10. Let s be (-4 + 7 + 5)/(m/288). Suppose 0 = -11*f - f + s. What is the units digit of f?
2
Let t = 24272 + 14232. What is the units digit of t?
4
Suppose -4*b + 5*r + 3499 = 0, -3*r - 2*r = b - 881. Suppose -b = -v 